{"id":2326,"date":"2026-02-22T20:25:12","date_gmt":"2026-02-22T13:25:12","guid":{"rendered":"https:\/\/kopack.site\/?page_id=2326"},"modified":"2026-02-22T20:37:20","modified_gmt":"2026-02-22T13:37:20","slug":"huong-dan-va-thong-tin","status":"publish","type":"page","link":"https:\/\/kopack.site\/?page_id=2326","title":{"rendered":"TH\u00d4NG TIN GIAO H\u00c0NG"},"content":{"rendered":"\n<h2 data-start=\"209\" data-end=\"493\"><strong>Ch\u00ednh s\u00e1ch giao h\u00e0ng<\/strong><\/h2>\n<p data-start=\"209\" data-end=\"493\">Ko&#8217;pack tri\u1ec3n khai d\u1ecbch v\u1ee5 v\u00e0 giao h\u00e0ng tr\u00ean to\u00e0n qu\u1ed1c d\u00e0nh cho c\u00e1c \u0111\u01a1n \u0111\u1eb7t h\u00e0ng th\u00f4ng qua website, fanpage v\u00e0 c\u00e1c k\u00eanh tr\u1ef1c tuy\u1ebfn kh\u00e1c. \u0110\u01a1n h\u00e0ng s\u1ebd \u0111\u01b0\u1ee3c v\u1eadn chuy\u1ec3n \u0111\u1ebfn \u0111\u1ecba ch\u1ec9 qu\u00fd kh\u00e1ch cung c\u1ea5p th\u00f4ng qua \u0111\u1ed9i ng\u0169 giao h\u00e0ng c\u1ee7a ch\u00fang t\u00f4i ho\u1eb7c c\u00e1c \u0111\u1ed1i t\u00e1c v\u1eadn chuy\u1ec3n uy t\u00edn.<\/p>\n<h3 data-start=\"500\" data-end=\"549\"><strong data-start=\"504\" data-end=\"549\">1. Nh\u1eadn h\u00e0ng tr\u1ef1c ti\u1ebfp t\u1ea1i KO&#8217;PACK<\/strong><\/h3>\n<p data-start=\"551\" data-end=\"682\">Qu\u00fd kh\u00e1ch c\u00f3 th\u1ec3 \u0111\u1ebfn tr\u1ef1c ti\u1ebfp v\u0103n ph\u00f2ng Ko&#8217;pack \u0111\u1ec3 nh\u1eadn h\u00e0ng. Vui l\u00f2ng s\u1eafp x\u1ebfp th\u1eddi gian ph\u00f9 h\u1ee3p \u0111\u1ec3 \u0111\u1ebfn trong khung gi\u1edd l\u00e0m vi\u1ec7c sau:<\/p>\n<ul data-start=\"684\" data-end=\"895\">\n<li data-start=\"684\" data-end=\"716\">\n<p data-start=\"686\" data-end=\"716\"><strong data-start=\"686\" data-end=\"699\">Bu\u1ed5i s\u00e1ng<\/strong>: 08:00 \u2013 11:30 (T\u1eeb th\u1ee9 2 \u0111\u1ebfn th\u1ee9 7)<\/p>\n<\/li>\n<li data-start=\"717\" data-end=\"750\">\n<p data-start=\"719\" data-end=\"750\"><strong data-start=\"719\" data-end=\"733\">Bu\u1ed5i chi\u1ec1u<\/strong>: 13:30 \u2013 17:30 (T\u1eeb th\u1ee9 2 \u0111\u1ebfn th\u1ee9 7)<\/p>\n<\/li>\n<li data-start=\"813\" data-end=\"895\">\n<p data-start=\"815\" data-end=\"895\"><strong data-start=\"815\" data-end=\"836\">\u0110\u1ecba ch\u1ec9 nh\u1eadn h\u00e0ng 1<\/strong>: 20C\/D5, D\u01b0\u01a1ng \u0110\u00ecnh C\u00fac, T\u00e2n Nh\u1ef1t, TP.HCM.<\/p>\n<\/li>\n<li><strong data-start=\"815\" data-end=\"836\">\u0110\u1ecba ch\u1ec9 nh\u1eadn h\u00e0ng 2<\/strong>: 26 l\u1ea7u 1, Phan Ph\u00fa Ti\u00ean, Ch\u1ee3 L\u1edbn, TP.HCM.<\/li>\n<\/ul>\n<p data-start=\"897\" data-end=\"1098\"><em data-start=\"897\" data-end=\"905\">L\u01b0u \u00fd:<\/em> N\u1ebfu qu\u00fd kh\u00e1ch mu\u1ed1n l\u00f9i th\u1eddi gian nh\u1eadn h\u00e0ng, KO&#8217;PACK ch\u1ec9 h\u1ed7 tr\u1ee3 l\u01b0u kho trong t\u1ed1i \u0111a 5 ng\u00e0y t\u00ednh t\u1eeb ng\u00e0y ho\u00e0n th\u00e0nh s\u1ea3n ph\u1ea9m. Sau th\u1eddi gian n\u00e0y, ch\u00fang t\u00f4i kh\u00f4ng ch\u1ecbu tr\u00e1ch nhi\u1ec7m b\u1ea3o qu\u1ea3n h\u00e0ng h\u00f3a.<\/p>\n<h3 data-start=\"1105\" data-end=\"1155\"><strong data-start=\"1109\" data-end=\"1155\">2. Giao h\u00e0ng t\u1ea1i n\u1ed9i th\u00e0nh TP. H\u1ed3 Ch\u00ed Minh<\/strong><\/h3>\n<h4 data-start=\"1157\" data-end=\"1195\"><strong data-start=\"1162\" data-end=\"1195\">a) Khu v\u1ef1c mi\u1ec5n ph\u00ed giao h\u00e0ng<\/strong><\/h4>\n<h4 data-start=\"1668\" data-end=\"1706\"><strong data-start=\"1673\" data-end=\"1706\">b) C\u00e1c khu v\u1ef1c n\u1ed9i th\u00e0nh kh\u00e1c<\/strong><\/h4>\n<h3 data-start=\"1982\" data-end=\"2055\"><strong data-start=\"1986\" data-end=\"2055\">3. Giao h\u00e0ng \u0111\u1ebfn c\u00e1c khu v\u1ef1c ngo\u1ea1i th\u00e0nh TP. HCM v\u00e0 c\u00e1c t\u1ec9nh kh\u00e1c<\/strong><\/h3>\n<p data-start=\"2057\" data-end=\"2158\">Sau khi s\u1ea3n ph\u1ea9m \u0111\u01b0\u1ee3c ho\u00e0n th\u00e0nh, kh\u00e1ch h\u00e0ng c\u00f3 th\u1ec3 l\u1ef1a ch\u1ecdn m\u1ed9t trong hai ph\u01b0\u01a1ng th\u1ee9c giao h\u00e0ng sau:<\/p>\n<h4 data-start=\"2160\" data-end=\"2198\"><strong data-start=\"2165\" data-end=\"2198\">a) Giao h\u00e0ng qua c\u00e1c nh\u00e0 xe<\/strong><\/h4>\n<ul data-start=\"2200\" data-end=\"2313\">\n<li data-start=\"2200\" data-end=\"2257\">\n<p data-start=\"2202\" data-end=\"2257\">KO&#8217;PACK s\u1ebd chuy\u1ec3n h\u00e0ng \u0111\u1ebfn nh\u00e0 xe m\u00e0 qu\u00fd kh\u00e1ch ch\u1ec9 \u0111\u1ecbnh.<\/p>\n<\/li>\n<li data-start=\"2258\" data-end=\"2313\">\n<p data-start=\"2260\" data-end=\"2313\">Qu\u00fd kh\u00e1ch t\u1ef1 ra nh\u00e0 xe \u0111\u1ec3 nh\u1eadn h\u00e0ng khi xe \u0111\u1ebfn n\u01a1i.<\/p>\n<\/li>\n<\/ul>\n<h4 data-start=\"2315\" data-end=\"2372\"><strong data-start=\"2320\" data-end=\"2372\">b) Giao h\u00e0ng t\u1eadn n\u01a1i th\u00f4ng qua \u0111\u01a1n v\u1ecb v\u1eadn chuy\u1ec3n<\/strong><\/h4>\n<ul data-start=\"2374\" data-end=\"2463\">\n<li data-start=\"2374\" data-end=\"2463\">\n<p data-start=\"2376\" data-end=\"2463\">KO&#8217;PACK s\u1ebd g\u1eedi h\u00e0ng \u0111\u1ebfn \u0111\u1ecba ch\u1ec9 qu\u00fd kh\u00e1ch y\u00eau c\u1ea7u th\u00f4ng qua c\u00e1c d\u1ecbch v\u1ee5 chuy\u1ec3n ph\u00e1t nhanh.<\/p>\n<\/li>\n<\/ul>\n<p data-start=\"2465\" data-end=\"2600\"><em data-start=\"2465\" data-end=\"2600\">L\u01b0u \u00fd: Th\u1eddi gian v\u00e0 chi ph\u00ed giao h\u00e0ng s\u1ebd do qu\u00fd kh\u00e1ch l\u00e0m vi\u1ec7c tr\u1ef1c ti\u1ebfp v\u1edbi \u0111\u01a1n v\u1ecb v\u1eadn chuy\u1ec3n. KO&#8217;PACK kh\u00f4ng can thi\u1ec7p v\u00e0o chi ph\u00ed n\u00e0y.<\/em><\/p>\n<h3 data-start=\"2607\" data-end=\"2632\"><strong data-start=\"2611\" data-end=\"2632\">L\u01b0u \u00fd quan tr\u1ecdng:<\/strong><\/h3>\n<ul data-start=\"2634\" data-end=\"3067\">\n<li data-start=\"2634\" data-end=\"2768\">\n<p data-start=\"2636\" data-end=\"2768\">Th\u1eddi gian giao h\u00e0ng c\u00f3 th\u1ec3 thay \u0111\u1ed5i n\u1ebfu c\u00f3 y\u00eau c\u1ea7u t\u1eeb kh\u00e1ch h\u00e0ng ho\u1eb7c do c\u00e1c y\u1ebfu t\u1ed1 kh\u00e1ch quan nh\u01b0 th\u1eddi ti\u1ebft, s\u1ef1 ki\u1ec7n b\u1ea5t kh\u1ea3 kh\u00e1ng.<\/p>\n<\/li>\n<li data-start=\"2769\" data-end=\"2903\">\n<p data-start=\"2771\" data-end=\"2903\">M\u1ed7i \u0111\u01a1n h\u00e0ng \u0111\u01b0\u1ee3c h\u1ed7 tr\u1ee3 giao t\u1ed1i \u0111a 2 l\u1ea7n. N\u1ebfu kh\u00f4ng li\u00ean h\u1ec7 \u0111\u01b0\u1ee3c v\u1edbi kh\u00e1ch ho\u1eb7c kh\u00f4ng nh\u1eadn ph\u1ea3n h\u1ed3i sau 2 l\u1ea7n, \u0111\u01a1n h\u00e0ng s\u1ebd b\u1ecb h\u1ee7y.<\/p>\n<\/li>\n<li data-start=\"2904\" data-end=\"3067\">\n<p data-start=\"2906\" data-end=\"3067\">Khi nh\u1eadn h\u00e0ng, qu\u00fd kh\u00e1ch vui l\u00f2ng ki\u1ec3m tra k\u1ef9 lo\u1ea1i s\u1ea3n ph\u1ea9m v\u00e0 s\u1ed1 l\u01b0\u1ee3ng. Vui l\u00f2ng k\u00fd nh\u1eadn v\u1edbi nh\u00e2n vi\u00ean giao h\u00e0ng v\u00e0 gi\u1eef l\u1ea1i bi\u00ean lai \u0111\u1ec3 \u0111\u1ed1i chi\u1ebfu khi c\u1ea7n thi\u1ebft.<\/p>\n<\/li>\n<\/ul>\n\n","protected":false},"excerpt":{"rendered":"","protected":false},"author":1,"featured_media":0,"parent":0,"menu_order":0,"comment_status":"closed","ping_status":"closed","template":"","meta":{"footnotes":""},"class_list":["post-2326","page","type-page","status-publish","hentry"],"jetpack_sharing_enabled":true,"_links":{"self":[{"href":"https:\/\/kopack.site\/index.php?rest_route=\/wp\/v2\/pages\/2326","targetHints":{"allow":["GET"]}}],"collection":[{"href":"https:\/\/kopack.site\/index.php?rest_route=\/wp\/v2\/pages"}],"about":[{"href":"https:\/\/kopack.site\/index.php?rest_route=\/wp\/v2\/types\/page"}],"author":[{"embeddable":true,"href":"https:\/\/kopack.site\/index.php?rest_route=\/wp\/v2\/users\/1"}],"replies":[{"embeddable":true,"href":"https:\/\/kopack.site\/index.php?rest_route=%2Fwp%2Fv2%2Fcomments&post=2326"}],"version-history":[{"count":3,"href":"https:\/\/kopack.site\/index.php?rest_route=\/wp\/v2\/pages\/2326\/revisions"}],"predecessor-version":[{"id":2330,"href":"https:\/\/kopack.site\/index.php?rest_route=\/wp\/v2\/pages\/2326\/revisions\/2330"}],"wp:attachment":[{"href":"https:\/\/kopack.site\/index.php?rest_route=%2Fwp%2Fv2%2Fmedia&parent=2326"}],"curies":[{"name":"wp","href":"https:\/\/api.w.org\/{rel}","templated":true}]}}