{"id":1636,"date":"2026-02-05T11:49:51","date_gmt":"2026-02-05T11:49:51","guid":{"rendered":"https:\/\/kopack.site\/?post_type=product&#038;p=1636"},"modified":"2026-02-05T11:49:52","modified_gmt":"2026-02-05T11:49:52","slug":"nhan-banh-handmade-giay-kraft","status":"publish","type":"product","link":"https:\/\/kopack.site\/?product=nhan-banh-handmade-giay-kraft","title":{"rendered":"Nh\u00e3n b\u00e1nh handmade gi\u1ea5y kraft"},"content":{"rendered":"<h3 data-start=\"224\" data-end=\"294\">Nh\u00e3n b\u00e1nh handmade gi\u1ea5y kraft \u2013 D\u1ea5u \u1ea5n th\u1ee7 c\u00f4ng m\u1ed9c m\u1ea1c v\u00e0 tinh t\u1ebf<\/h3>\n<p data-start=\"296\" data-end=\"541\">Nh\u00e3n b\u00e1nh handmade kh\u00f4ng ch\u1ec9 l\u00e0 m\u1ed9t mi\u1ebfng d\u00e1n th\u00f4ng tin, m\u00e0 c\u00f2n l\u00e0 <strong data-start=\"363\" data-end=\"402\">d\u1ea5u \u1ea5n nh\u1eadn di\u1ec7n c\u1ee7a ng\u01b0\u1eddi l\u00e0m b\u00e1nh<\/strong>. V\u1edbi ch\u1ea5t li\u1ec7u <strong data-start=\"418\" data-end=\"440\">gi\u1ea5y kraft m\u1ed9c m\u1ea1c<\/strong>, m\u1ed7i chi\u1ebfc nh\u00e3n mang l\u1ea1i c\u1ea3m gi\u00e1c g\u1ea7n g\u0169i, t\u1ef1 nhi\u00ean v\u00e0 ch\u00e2n th\u1eadt \u2013 \u0111\u00fang tinh th\u1ea7n c\u1ee7a b\u00e1nh th\u1ee7 c\u00f4ng.<\/p>\n<p data-start=\"543\" data-end=\"759\">M\u00e0u gi\u1ea5y n\u00e2u kraft k\u1ebft h\u1ee3p v\u1edbi ch\u1eef in \u0111\u01a1n gi\u1ea3n gi\u00fap s\u1ea3n ph\u1ea9m tr\u00f4ng <strong data-start=\"610\" data-end=\"644\">\u1ea5m \u00e1p, s\u1ea1ch s\u1ebd v\u00e0 \u0111\u00e1ng tin c\u1eady<\/strong>. M\u1ed9t chi\u1ebfc b\u00e1nh ngon s\u1ebd tr\u1edf n\u00ean tr\u1ecdn v\u1eb9n h\u01a1n khi \u0111\u01b0\u1ee3c ho\u00e0n thi\u1ec7n b\u1eb1ng nh\u00e3n gi\u1ea5y kraft tinh t\u1ebf, \u0111\u00fang ch\u1ea5t handmade.<\/p>\n<hr data-start=\"761\" data-end=\"764\" \/>\n<h3 data-start=\"766\" data-end=\"803\">C\u00e1ch s\u1eed d\u1ee5ng nh\u00e3n b\u00e1nh gi\u1ea5y kraft<\/h3>\n<ul data-start=\"805\" data-end=\"1037\">\n<li data-start=\"805\" data-end=\"862\">\n<p data-start=\"807\" data-end=\"862\">B\u00f3c nh\u00e3n nh\u1eb9 tay theo \u0111\u01b0\u1eddng b\u1ebf s\u1eb5n \u0111\u1ec3 tr\u00e1nh r\u00e1ch gi\u1ea5y<\/p>\n<\/li>\n<li data-start=\"863\" data-end=\"928\">\n<p data-start=\"865\" data-end=\"928\">Lau kh\u00f4 v\u00e0 l\u00e0m s\u1ea1ch b\u1ec1 m\u1eb7t h\u1ed9p, t\u00fai ho\u1eb7c bao b\u00ec tr\u01b0\u1edbc khi d\u00e1n<\/p>\n<\/li>\n<li data-start=\"929\" data-end=\"978\">\n<p data-start=\"931\" data-end=\"978\">Tr\u00e1nh \u0111\u1ec3 ph\u1ea7n keo ti\u1ebfp x\u00fac tr\u1ef1c ti\u1ebfp v\u1edbi n\u01b0\u1edbc<\/p>\n<\/li>\n<li data-start=\"979\" data-end=\"1037\">\n<p data-start=\"981\" data-end=\"1037\">Kh\u00f4ng d\u00e1n l\u00ean b\u1ec1 m\u1eb7t d\u00ednh d\u1ea7u m\u1ee1 \u0111\u1ec3 nh\u00e3n b\u00e1m ch\u1eafc v\u00e0 \u0111\u1eb9p<\/p>\n<\/li>\n<\/ul>\n<hr data-start=\"1039\" data-end=\"1042\" \/>\n<h3 data-start=\"1044\" data-end=\"1072\">B\u1ea3o qu\u1ea3n nh\u00e3n gi\u1ea5y kraft<\/h3>\n<ul data-start=\"1074\" data-end=\"1250\">\n<li data-start=\"1074\" data-end=\"1131\">\n<p data-start=\"1076\" data-end=\"1131\">\u0110\u1ec3 nh\u00e3n \u00fap ng\u01b0\u1ee3c khi ch\u01b0a s\u1eed d\u1ee5ng nh\u1eb1m tr\u00e1nh cong m\u00e9p<\/p>\n<\/li>\n<li data-start=\"1132\" data-end=\"1185\">\n<p data-start=\"1134\" data-end=\"1185\">B\u1ea3o qu\u1ea3n n\u01a1i kh\u00f4 r\u00e1o, tho\u00e1ng m\u00e1t, tr\u00e1nh \u0111\u1ed9 \u1ea9m cao<\/p>\n<\/li>\n<li data-start=\"1186\" data-end=\"1250\">\n<p data-start=\"1188\" data-end=\"1250\">Tr\u00e1nh \u00e1nh n\u1eafng tr\u1ef1c ti\u1ebfp \u0111\u1ec3 gi\u1eef m\u00e0u gi\u1ea5y v\u00e0 \u0111\u1ed9 b\u00e1m keo \u1ed5n \u0111\u1ecbnh.<\/p>\n<\/li>\n<\/ul>\n<h3 data-start=\"2256\" data-end=\"2319\"><span data-text-color=\"success\">D\u1ecbch v\u1ee5 thi\u1ebft k\u1ebf &amp; in nh\u00e3n\u00a0 theo y\u00eau c\u1ea7u t\u1ea1i KO\u2019PACK<\/span><\/h3>\n<p data-start=\"2321\" data-end=\"2381\">Kh\u00e1ch h\u00e0ng <strong data-start=\"2332\" data-end=\"2368\">ch\u1ec9 c\u1ea7n cung c\u1ea5p n\u1ed9i dung c\u1ea7n in<\/strong>, KO\u2019PACK s\u1ebd:<\/p>\n<ul data-start=\"2382\" data-end=\"2556\">\n<li data-start=\"2382\" data-end=\"2450\">\n<p data-start=\"2384\" data-end=\"2450\">T\u01b0 v\u1ea5n lo\u1ea1i decal ph\u00f9 h\u1ee3p v\u1edbi kimchi (\u0111\u00f3ng h\u0169, t\u00fai, b\u1ea3o qu\u1ea3n l\u1ea1nh)<\/p>\n<\/li>\n<li data-start=\"2451\" data-end=\"2500\">\n<p data-start=\"2453\" data-end=\"2500\">H\u1ed7 tr\u1ee3 thi\u1ebft k\u1ebf tem nh\u00e3n \u0111\u00fang c\u00f4ng n\u0103ng s\u1eed d\u1ee5ng<\/p>\n<\/li>\n<li data-start=\"2501\" data-end=\"2556\">\n<p data-start=\"2503\" data-end=\"2556\">\u0110\u1ea3m b\u1ea3o tem nh\u00e3n ph\u00f9 h\u1ee3p th\u1ef1c t\u1ebf s\u1ea3n xu\u1ea5t &amp; ph\u00e2n ph\u1ed1i<\/p>\n<\/li>\n<\/ul>\n<p data-start=\"2558\" data-end=\"2578\"><strong data-start=\"2558\" data-end=\"2578\">Li\u00ean h\u1ec7 KO\u2019PACK:<\/strong><\/p>\n<ul>\n<li style=\"list-style-type: none;\">\n<ul data-start=\"2579\" data-end=\"2649\">\n<li data-start=\"2579\" data-end=\"2609\">\n<p data-start=\"2581\" data-end=\"2609\">\ud83d\udcde Hotline: <strong data-start=\"2593\" data-end=\"2609\">0333 180 683<\/strong><\/p>\n<\/li>\n<li data-start=\"2610\" data-end=\"2649\">\n<p data-start=\"2612\" data-end=\"2649\">\u2709\ufe0f Email: <strong data-start=\"2622\" data-end=\"2649\"><a class=\"decorated-link cursor-pointer\" rel=\"noopener\" data-start=\"2624\" data-end=\"2647\">kopackvietnam@gmail.com<\/a><\/strong><\/p>\n<\/li>\n<\/ul>\n<\/li>\n<\/ul>\n","protected":false},"excerpt":{"rendered":"<p><strong>Th\u00f4ng s\u1ed1 c\u01a1 b\u1ea3n:<\/strong><\/p>\n<ul>\n<li>C\u00f4ng ngh\u1ec7 in k\u1ef9 thu\u1eadt s\u1ed1 (KTS) ho\u1eb7c in offset ph\u00f9 h\u1ee3p theo s\u1ed1 l\u01b0\u1ee3ng v\u00e0 y\u00eau c\u1ea7u.<\/li>\n<li>Gia c\u00f4ng b\u1ebf tem chu\u1ea9n x\u00e1c, \u0111\u00fang khu\u00f4n ho\u1eb7c theo h\u00ecnh d\u00e1ng t\u1ef1 do t\u1eeb file thi\u1ebft k\u1ebf.<\/li>\n<\/ul>\n","protected":false},"featured_media":1639,"template":"","meta":[],"product_brand":[],"product_cat":[112],"product_tag":[],"class_list":{"0":"post-1636","1":"product","2":"type-product","3":"status-publish","4":"has-post-thumbnail","6":"product_cat-decal-kraft","8":"first","9":"instock","10":"shipping-taxable","11":"product-type-simple"},"jetpack_sharing_enabled":true,"_links":{"self":[{"href":"https:\/\/kopack.site\/index.php?rest_route=\/wp\/v2\/product\/1636","targetHints":{"allow":["GET"]}}],"collection":[{"href":"https:\/\/kopack.site\/index.php?rest_route=\/wp\/v2\/product"}],"about":[{"href":"https:\/\/kopack.site\/index.php?rest_route=\/wp\/v2\/types\/product"}],"wp:featuredmedia":[{"embeddable":true,"href":"https:\/\/kopack.site\/index.php?rest_route=\/wp\/v2\/media\/1639"}],"wp:attachment":[{"href":"https:\/\/kopack.site\/index.php?rest_route=%2Fwp%2Fv2%2Fmedia&parent=1636"}],"wp:term":[{"taxonomy":"product_brand","embeddable":true,"href":"https:\/\/kopack.site\/index.php?rest_route=%2Fwp%2Fv2%2Fproduct_brand&post=1636"},{"taxonomy":"product_cat","embeddable":true,"href":"https:\/\/kopack.site\/index.php?rest_route=%2Fwp%2Fv2%2Fproduct_cat&post=1636"},{"taxonomy":"product_tag","embeddable":true,"href":"https:\/\/kopack.site\/index.php?rest_route=%2Fwp%2Fv2%2Fproduct_tag&post=1636"}],"curies":[{"name":"wp","href":"https:\/\/api.w.org\/{rel}","templated":true}]}}