{"id":1782,"date":"2026-02-10T12:06:53","date_gmt":"2026-02-10T12:06:53","guid":{"rendered":"https:\/\/kopack.site\/?post_type=product&#038;p=1782"},"modified":"2026-02-23T22:43:52","modified_gmt":"2026-02-23T15:43:52","slug":"pallet-go","status":"publish","type":"product","link":"https:\/\/kopack.site\/?product=pallet-go","title":{"rendered":"Pallet G\u1ed7"},"content":{"rendered":"<h2 data-start=\"273\" data-end=\"292\">Pallet G\u1ed7 \u2013 Gi\u1ea3i Ph\u00e1p \u0110\u00f3ng G\u00f3i &amp; V\u1eadn Chuy\u1ec3n T\u1ed1i \u01afu Cho Doanh Nghi\u1ec7p<\/h2>\n<h2 data-start=\"273\" data-end=\"292\">Pallet g\u1ed7 l\u00e0 g\u00ec?<\/h2>\n<p data-start=\"293\" data-end=\"580\"><strong data-start=\"293\" data-end=\"306\">Pallet g\u1ed7<\/strong> l\u00e0 lo\u1ea1i k\u1ec7 k\u00ea h\u00e0ng \u0111\u01b0\u1ee3c s\u1ea3n xu\u1ea5t t\u1eeb g\u1ed7 t\u1ef1 nhi\u00ean ho\u1eb7c g\u1ed7 c\u00f4ng nghi\u1ec7p, d\u00f9ng \u0111\u1ec3 <strong data-start=\"384\" data-end=\"416\">n\u00e2ng \u2013 \u0111\u1ee1 \u2013 c\u1ed1 \u0111\u1ecbnh h\u00e0ng h\u00f3a<\/strong> trong qu\u00e1 tr\u00ecnh l\u01b0u kho, b\u1ed1c x\u1ebfp v\u00e0 v\u1eadn chuy\u1ec3n.<br data-start=\"464\" data-end=\"467\" \/>\u0110\u00e2y l\u00e0 gi\u1ea3i ph\u00e1p ti\u00eau chu\u1ea9n trong c\u00e1c ng\u00e0nh: <strong data-start=\"512\" data-end=\"579\">s\u1ea3n xu\u1ea5t, logistics, xu\u1ea5t kh\u1ea9u, FMCG, \u0111i\u1ec7n t\u1eed, c\u01a1 kh\u00ed, n\u00f4ng s\u1ea3n<\/strong>.<\/p>\n<p data-start=\"582\" data-end=\"692\">\ud83d\udc49 \u0110i\u1ec3m m\u1ea1nh l\u1edbn nh\u1ea5t c\u1ee7a pallet g\u1ed7: <strong data-start=\"619\" data-end=\"691\">ch\u1ecbu t\u1ea3i cao \u2013 d\u1ec5 gia c\u00f4ng \u2013 chi ph\u00ed t\u1ed1i \u01b0u \u2013 linh ho\u1ea1t theo y\u00eau c\u1ea7u<\/strong>.<\/p>\n<hr data-start=\"694\" data-end=\"697\" \/>\n<h2 data-start=\"699\" data-end=\"731\">\u01afu \u0111i\u1ec3m n\u1ed5i b\u1eadt c\u1ee7a pallet g\u1ed7<\/h2>\n<h3 data-start=\"733\" data-end=\"764\">\u2705 Ch\u1ecbu t\u1ea3i t\u1ed1t \u2013 \u0111\u1ed9 b\u1ec1n cao<\/h3>\n<ul data-start=\"765\" data-end=\"900\">\n<li data-start=\"765\" data-end=\"804\">\n<p data-start=\"767\" data-end=\"804\">Ph\u00f9 h\u1ee3p cho h\u00e0ng n\u1eb7ng, h\u00e0ng c\u1ed3ng k\u1ec1nh<\/p>\n<\/li>\n<li data-start=\"805\" data-end=\"844\">\n<p data-start=\"807\" data-end=\"844\">D\u00f9ng t\u1ed1t v\u1edbi xe n\u00e2ng tay, xe n\u00e2ng m\u00e1y<\/p>\n<\/li>\n<li data-start=\"845\" data-end=\"900\">\n<p data-start=\"847\" data-end=\"900\">C\u00f3 th\u1ec3 thi\u1ebft k\u1ebf pallet 2 h\u01b0\u1edbng n\u00e2ng ho\u1eb7c 4 h\u01b0\u1edbng n\u00e2ng<\/p>\n<\/li>\n<\/ul>\n<h3 data-start=\"902\" data-end=\"922\">\u2705 Chi ph\u00ed t\u1ed1i \u01b0u<\/h3>\n<ul data-start=\"923\" data-end=\"1033\">\n<li data-start=\"923\" data-end=\"973\">\n<p data-start=\"925\" data-end=\"973\">Gi\u00e1 th\u00e0nh th\u1ea5p h\u01a1n pallet nh\u1ef1a &amp; pallet kim lo\u1ea1i<\/p>\n<\/li>\n<li data-start=\"974\" data-end=\"1009\">\n<p data-start=\"976\" data-end=\"1009\">D\u1ec5 s\u1eeda ch\u1eefa, thay th\u1ebf khi h\u01b0 h\u1ecfng<\/p>\n<\/li>\n<li data-start=\"1010\" data-end=\"1033\">\n<p data-start=\"1012\" data-end=\"1033\">T\u00e1i s\u1eed d\u1ee5ng nhi\u1ec1u l\u1ea7n<\/p>\n<\/li>\n<\/ul>\n<h3 data-start=\"1035\" data-end=\"1069\">\u2705 \u0110\u00e1p \u1ee9ng ti\u00eau chu\u1ea9n xu\u1ea5t kh\u1ea9u<\/h3>\n<ul data-start=\"1070\" data-end=\"1164\">\n<li data-start=\"1070\" data-end=\"1127\">\n<p data-start=\"1072\" data-end=\"1127\">C\u00f3 th\u1ec3 <strong data-start=\"1079\" data-end=\"1108\">x\u1eed l\u00fd hun tr\u00f9ng (ISPM 15)<\/strong> cho h\u00e0ng xu\u1ea5t kh\u1ea9u<\/p>\n<\/li>\n<li data-start=\"1128\" data-end=\"1164\">\n<p data-start=\"1130\" data-end=\"1164\">Ph\u00f9 h\u1ee3p \u0111i <strong data-start=\"1141\" data-end=\"1164\">M\u1ef9 \u2013 EU \u2013 Nh\u1eadt \u2013 \u00dac<\/strong><\/p>\n<\/li>\n<\/ul>\n<h3 data-start=\"1166\" data-end=\"1193\">\u2705 S\u1ea3n xu\u1ea5t theo y\u00eau c\u1ea7u<\/h3>\n<ul data-start=\"1194\" data-end=\"1291\">\n<li data-start=\"1194\" data-end=\"1232\">\n<p data-start=\"1196\" data-end=\"1232\">K\u00edch th\u01b0\u1edbc theo h\u00e0ng h\u00f3a &amp; container<\/p>\n<\/li>\n<li data-start=\"1233\" data-end=\"1291\">\n<p data-start=\"1235\" data-end=\"1291\">Thi\u1ebft k\u1ebf theo t\u1ea3i tr\u1ecdng th\u1ef1c t\u1ebf, tr\u00e1nh l\u00e3ng ph\u00ed v\u1eadt li\u1ec7u<\/p>\n<\/li>\n<\/ul>\n<hr data-start=\"1293\" data-end=\"1296\" \/>\n<h2 data-start=\"1298\" data-end=\"1337\"><img loading=\"lazy\" decoding=\"async\" class=\"alignnone wp-image-1785\" src=\"https:\/\/kopack.site\/wp-content\/uploads\/2026\/02\/1417222afd8cf3b0481e909ca49bfa64.jpg\" alt=\"\" width=\"865\" height=\"475\" srcset=\"https:\/\/kopack.site\/wp-content\/uploads\/2026\/02\/1417222afd8cf3b0481e909ca49bfa64.jpg 568w, https:\/\/kopack.site\/wp-content\/uploads\/2026\/02\/1417222afd8cf3b0481e909ca49bfa64-510x280.jpg 510w\" sizes=\"auto, (max-width: 865px) 100vw, 865px\" \/>C\u00e1c lo\u1ea1i pallet g\u1ed7 ph\u1ed5 bi\u1ebfn hi\u1ec7n nay<\/h2>\n<h3 data-start=\"1339\" data-end=\"1368\">\ud83d\udd39 Pallet g\u1ed7 2 h\u01b0\u1edbng n\u00e2ng<\/h3>\n<ul data-start=\"1369\" data-end=\"1426\">\n<li data-start=\"1369\" data-end=\"1388\">\n<p data-start=\"1371\" data-end=\"1388\">C\u1ea5u tr\u00fac \u0111\u01a1n gi\u1ea3n<\/p>\n<\/li>\n<li data-start=\"1389\" data-end=\"1426\">\n<p data-start=\"1391\" data-end=\"1426\">Ph\u00f9 h\u1ee3p kho n\u1ed9i \u0111\u1ecba, t\u1ea3i trung b\u00ecnh<\/p>\n<\/li>\n<\/ul>\n<h3 data-start=\"1428\" data-end=\"1457\">\ud83d\udd39 Pallet g\u1ed7 4 h\u01b0\u1edbng n\u00e2ng<\/h3>\n<ul data-start=\"1458\" data-end=\"1531\">\n<li data-start=\"1458\" data-end=\"1486\">\n<p data-start=\"1460\" data-end=\"1486\">Xe n\u00e2ng ti\u1ebfp c\u1eadn linh ho\u1ea1t<\/p>\n<\/li>\n<li data-start=\"1487\" data-end=\"1531\">\n<p data-start=\"1489\" data-end=\"1531\">D\u00f9ng nhi\u1ec1u trong kho logistics &amp; xu\u1ea5t kh\u1ea9u<\/p>\n<\/li>\n<\/ul>\n<h3 data-start=\"1533\" data-end=\"1569\">\ud83d\udd39 Pallet g\u1ed7 xu\u1ea5t kh\u1ea9u hun tr\u00f9ng<\/h3>\n<ul data-start=\"1570\" data-end=\"1629\">\n<li data-start=\"1570\" data-end=\"1603\">\n<p data-start=\"1572\" data-end=\"1603\">\u0110\u01b0\u1ee3c x\u1eed l\u00fd nhi\u1ec7t ho\u1eb7c hun tr\u00f9ng<\/p>\n<\/li>\n<li data-start=\"1604\" data-end=\"1629\">\n<p data-start=\"1606\" data-end=\"1629\">C\u00f3 d\u1ea5u <strong data-start=\"1613\" data-end=\"1629\">HT \u2013 ISPM 15<\/strong><\/p>\n<\/li>\n<\/ul>\n<h3 data-start=\"1631\" data-end=\"1667\">\ud83d\udd39 Pallet g\u1ed7 theo thi\u1ebft k\u1ebf ri\u00eang<\/h3>\n<ul data-start=\"1668\" data-end=\"1736\">\n<li data-start=\"1668\" data-end=\"1695\">\n<p data-start=\"1670\" data-end=\"1695\">T\u1ed1i \u01b0u cho t\u1eebng lo\u1ea1i h\u00e0ng<\/p>\n<\/li>\n<li data-start=\"1696\" data-end=\"1736\">\n<p data-start=\"1698\" data-end=\"1736\">Gi\u1ea3m h\u01b0 h\u1ecfng &amp; gi\u1ea3m chi ph\u00ed v\u1eadn chuy\u1ec3n<\/p>\n<\/li>\n<\/ul>\n<hr data-start=\"1738\" data-end=\"1741\" \/>\n<h2 data-start=\"1743\" data-end=\"1768\">\u1ee8ng d\u1ee5ng c\u1ee7a pallet g\u1ed7<\/h2>\n<ul data-start=\"1769\" data-end=\"1903\">\n<li data-start=\"1769\" data-end=\"1790\">\n<p data-start=\"1771\" data-end=\"1790\">\ud83c\udfed Nh\u00e0 m\u00e1y s\u1ea3n xu\u1ea5t<\/p>\n<\/li>\n<li data-start=\"1791\" data-end=\"1815\">\n<p data-start=\"1793\" data-end=\"1815\">\ud83d\ude9a Kho v\u1eadn \u2013 logistics<\/p>\n<\/li>\n<li data-start=\"1816\" data-end=\"1839\">\n<p data-start=\"1818\" data-end=\"1839\">\ud83d\udce6 Xu\u1ea5t kh\u1ea9u h\u00e0ng h\u00f3a<\/p>\n<\/li>\n<li data-start=\"1840\" data-end=\"1865\">\n<p data-start=\"1842\" data-end=\"1865\">\ud83e\udd6c N\u00f4ng s\u1ea3n \u2013 th\u1ef1c ph\u1ea9m<\/p>\n<\/li>\n<li data-start=\"1866\" data-end=\"1903\">\n<p data-start=\"1868\" data-end=\"1903\">\u2699\ufe0f C\u01a1 kh\u00ed \u2013 m\u00e1y m\u00f3c \u2013 thi\u1ebft b\u1ecb n\u1eb7ng<\/p>\n<\/li>\n<\/ul>\n<hr data-start=\"1905\" data-end=\"1908\" \/>\n<h2 data-start=\"1910\" data-end=\"1975\">V\u00ec sao doanh nghi\u1ec7p n\u00ean ch\u1ecdn pallet g\u1ed7 s\u1ea3n xu\u1ea5t theo k\u1ef9 thu\u1eadt?<\/h2>\n<p data-start=\"1977\" data-end=\"2131\">\u274c Pallet r\u1ebb nh\u01b0ng sai t\u1ea3i \u2192 <strong data-start=\"2005\" data-end=\"2057\">g\u00e3y pallet \u2013 \u0111\u1ed5 h\u00e0ng \u2013 m\u1ea5t chi ph\u00ed g\u1ea5p nhi\u1ec1u l\u1ea7n<\/strong><br data-start=\"2057\" data-end=\"2060\" \/>\u2705 Pallet \u0111\u00fang k\u1ef9 thu\u1eadt \u2192 <strong data-start=\"2085\" data-end=\"2131\">an to\u00e0n \u2013 \u1ed5n \u0111\u1ecbnh \u2013 t\u1ed1i \u01b0u chi ph\u00ed d\u00e0i h\u1ea1n<\/strong><\/p>\n<p data-start=\"2133\" data-end=\"2218\">\ud83d\udc49 Pallet kh\u00f4ng ch\u1ec9 l\u00e0 \u201ck\u1ec7 g\u1ed7\u201d, m\u00e0 l\u00e0 <strong data-start=\"2171\" data-end=\"2217\">m\u1ed9t ph\u1ea7n c\u1ee7a h\u1ec7 th\u1ed1ng \u0111\u00f3ng g\u00f3i &amp; logistics<\/strong>.<\/p>\n<hr data-start=\"2220\" data-end=\"2223\" \/>\n<h2 data-start=\"2225\" data-end=\"2280\">D\u1ecbch v\u1ee5 s\u1ea3n xu\u1ea5t pallet g\u1ed7 theo y\u00eau c\u1ea7u doanh nghi\u1ec7p<\/h2>\n<p data-start=\"2281\" data-end=\"2300\">Ch\u00fang t\u00f4i cung c\u1ea5p:<\/p>\n<ul data-start=\"2301\" data-end=\"2549\">\n<li data-start=\"2301\" data-end=\"2348\">\n<p data-start=\"2303\" data-end=\"2348\">T\u01b0 v\u1ea5n ch\u1ecdn <strong data-start=\"2315\" data-end=\"2348\">k\u1ebft c\u1ea5u \u2013 lo\u1ea1i g\u1ed7 \u2013 t\u1ea3i tr\u1ecdng<\/strong><\/p>\n<\/li>\n<li data-start=\"2349\" data-end=\"2400\">\n<p data-start=\"2351\" data-end=\"2400\">Thi\u1ebft k\u1ebf pallet theo <strong data-start=\"2372\" data-end=\"2400\">h\u00e0ng h\u00f3a &amp; quy tr\u00ecnh kho<\/strong><\/p>\n<\/li>\n<li data-start=\"2401\" data-end=\"2463\">\n<p data-start=\"2403\" data-end=\"2463\">S\u1ea3n xu\u1ea5t pallet g\u1ed7 <strong data-start=\"2422\" data-end=\"2463\">\u0111\u00fang chu\u1ea9n \u2013 \u0111\u00fang t\u1ea3i \u2013 \u0111\u00fang m\u1ee5c \u0111\u00edch<\/strong><\/p>\n<\/li>\n<li data-start=\"2464\" data-end=\"2503\">\n<p data-start=\"2466\" data-end=\"2503\">X\u1eed l\u00fd <strong data-start=\"2472\" data-end=\"2503\">hun tr\u00f9ng xu\u1ea5t kh\u1ea9u ISPM 15<\/strong><\/p>\n<\/li>\n<li data-start=\"2504\" data-end=\"2549\">\n<p data-start=\"2506\" data-end=\"2549\">S\u1ed1 l\u01b0\u1ee3ng linh ho\u1ea1t \u2013 giao h\u00e0ng \u0111\u00fang ti\u1ebfn \u0111\u1ed9<\/p>\n<\/li>\n<\/ul>\n<p data-start=\"2551\" data-end=\"2632\">\ud83c\udfaf M\u1ee5c ti\u00eau: <strong data-start=\"2564\" data-end=\"2632\">Gi\u1ea3m l\u1ed7i \u2013 gi\u1ea3m r\u1ee7i ro \u2013 gi\u1ea3m chi ph\u00ed logistics cho doanh nghi\u1ec7p<\/strong><\/p>\n<hr data-start=\"2634\" data-end=\"2637\" \/>\n<h2 data-start=\"2639\" data-end=\"2666\">Li\u00ean h\u1ec7 t\u01b0 v\u1ea5n pallet g\u1ed7<\/h2>\n<p data-start=\"2667\" data-end=\"2680\">N\u1ebfu b\u1ea1n \u0111ang:<\/p>\n<ul data-start=\"2681\" data-end=\"2830\">\n<li data-start=\"2681\" data-end=\"2726\">\n<p data-start=\"2683\" data-end=\"2726\">D\u00f9ng pallet nh\u01b0ng hay g\u00e3y, cong, l\u1ec7ch t\u1ea3i<\/p>\n<\/li>\n<li data-start=\"2727\" data-end=\"2781\">\n<p data-start=\"2729\" data-end=\"2781\">Xu\u1ea5t kh\u1ea9u b\u1ecb y\u00eau c\u1ea7u l\u1ea1i do pallet kh\u00f4ng \u0111\u1ea1t chu\u1ea9n<\/p>\n<\/li>\n<li data-start=\"2782\" data-end=\"2830\">\n<p data-start=\"2784\" data-end=\"2830\">Mu\u1ed1n t\u1ed1i \u01b0u chi ph\u00ed pallet cho s\u1ea3n l\u01b0\u1ee3ng l\u1edbn<\/p>\n<\/li>\n<\/ul>\n<p data-start=\"2832\" data-end=\"2919\">\ud83d\udc49 <strong data-start=\"2835\" data-end=\"2919\">Li\u00ean h\u1ec7 \u0111\u1ec3 \u0111\u01b0\u1ee3c t\u01b0 v\u1ea5n k\u1ef9 thu\u1eadt pallet g\u1ed7 ph\u00f9 h\u1ee3p nh\u1ea5t cho doanh nghi\u1ec7p c\u1ee7a b\u1ea1n.<\/strong><\/p>\n","protected":false},"excerpt":{"rendered":"<h3 data-start=\"172\" data-end=\"212\">Th\u00f4ng s\u1ed1 k\u1ef9 thu\u1eadt Pallet g\u1ed7 (c\u01a1 b\u1ea3n)<\/h3>\n<p data-start=\"216\" data-end=\"293\"><strong data-start=\"216\" data-end=\"233\">Ch\u1ea5t li\u1ec7u g\u1ed7:<\/strong><br data-start=\"233\" data-end=\"236\" \/>G\u1ed7 th\u00f4ng \/ g\u1ed7 cao su \/ g\u1ed7 keo (t\u00f9y nhu c\u1ea7u &amp; t\u1ea3i tr\u1ecdng)<\/p>\n<p data-start=\"297\" data-end=\"419\"><strong data-start=\"297\" data-end=\"321\">K\u00edch th\u01b0\u1edbc ph\u1ed5 bi\u1ebfn:<\/strong><br data-start=\"321\" data-end=\"324\" \/>1000 x 1200 mm<\/p>\n<p data-start=\"297\" data-end=\"419\"><div class=\"row\"  id=\"row-220027679\">\n\n\t<div id=\"col-170281962\" class=\"col medium-6 small-12 large-6\"  >\n\t\t\t\t<div class=\"col-inner\"  >\n\t\t\t\n\t\t\t\n<a href=\"tel:0333180683\" class=\"button primary is-is-outline is-medium expand\"  >\n    <span>G\u1ecdi T\u01b0 V\u1ea5n<\/span>\n  <\/a>\n\n\t\t<\/div>\n\t\t\t\t\t<\/div>\n\n\t\n\n\t<div id=\"col-975876757\" class=\"col medium-6 small-12 large-6\"  >\n\t\t\t\t<div class=\"col-inner\"  >\n\t\t\t\n\t\t\t\n<a href=\"https:\/\/id.zalo.me\/account\/login?continue=http%3A%2F%2Fzalo.me%2F0333180683\" class=\"button success is-medium expand\"  >\n    <span>Li\u00ean H\u1ec7 Zalo<\/span>\n  <i class=\"icon-phone\" aria-hidden=\"true\" ><\/i><\/a>\n\n\t\t<\/div>\n\t\t\t\t\t<\/div>\n\n\t\n<\/div>\n","protected":false},"featured_media":1786,"template":"","meta":[],"product_brand":[],"product_cat":[111],"product_tag":[],"class_list":{"0":"post-1782","1":"product","2":"type-product","3":"status-publish","4":"has-post-thumbnail","6":"product_cat-pallet","8":"first","9":"instock","10":"shipping-taxable","11":"product-type-simple"},"jetpack_sharing_enabled":true,"_links":{"self":[{"href":"https:\/\/kopack.site\/index.php?rest_route=\/wp\/v2\/product\/1782","targetHints":{"allow":["GET"]}}],"collection":[{"href":"https:\/\/kopack.site\/index.php?rest_route=\/wp\/v2\/product"}],"about":[{"href":"https:\/\/kopack.site\/index.php?rest_route=\/wp\/v2\/types\/product"}],"wp:featuredmedia":[{"embeddable":true,"href":"https:\/\/kopack.site\/index.php?rest_route=\/wp\/v2\/media\/1786"}],"wp:attachment":[{"href":"https:\/\/kopack.site\/index.php?rest_route=%2Fwp%2Fv2%2Fmedia&parent=1782"}],"wp:term":[{"taxonomy":"product_brand","embeddable":true,"href":"https:\/\/kopack.site\/index.php?rest_route=%2Fwp%2Fv2%2Fproduct_brand&post=1782"},{"taxonomy":"product_cat","embeddable":true,"href":"https:\/\/kopack.site\/index.php?rest_route=%2Fwp%2Fv2%2Fproduct_cat&post=1782"},{"taxonomy":"product_tag","embeddable":true,"href":"https:\/\/kopack.site\/index.php?rest_route=%2Fwp%2Fv2%2Fproduct_tag&post=1782"}],"curies":[{"name":"wp","href":"https:\/\/api.w.org\/{rel}","templated":true}]}}